{"id":1210,"date":"2026-03-10T02:15:11","date_gmt":"2026-03-10T02:15:11","guid":{"rendered":"https:\/\/kifinternacional.cl\/index.php\/producto\/set-bruneok\/"},"modified":"2026-03-10T02:15:56","modified_gmt":"2026-03-10T02:15:56","slug":"set-bruneok","status":"publish","type":"product","link":"https:\/\/kifinternacional.cl\/index.php\/producto\/set-bruneok\/","title":{"rendered":"Set Bruneok"},"content":{"rendered":"<table cellspacing='0' cellpadding='0' style='border:none' width=500px>\n<tr>\n<th style='text-align:left; background-color:#696969; border: 1px solid #696969; color:#fff;' colspan='2'>CARACTER\u00cdSTICAS<\/th>\n<\/tr>\n<tr>\n<td style='text-align:left; border: 1px solid #696969;'>Composici\u00f3n<\/td>\n<td style='text-align:left; border: 1px solid #696969;'>Bamb\u00fa\/ Ca\u00f1a de Trigo\/ PP<\/td>\n<\/tr>\n<tr>\n<td style='text-align:left; border: 1px solid #696969;'>Especificaciones art\u00edculo<\/td>\n<td style='text-align:left; border: 1px solid #696969;'>14 cm \/ 0 cm \/ 0 cm | 40 gr<\/td>\n<\/tr>\n<tr>\n<td style='text-align:left; border: 1px solid #696969;'>Packaging: alto (cm)<\/td>\n<td style='text-align:left; border: 1px solid #696969;'>38<\/td>\n<\/tr>\n<tr>\n<td style='text-align:left; border: 1px solid #696969;'>Packaging: largo (cm) <\/td>\n<td style='text-align:left; border: 1px solid #696969;'>26<\/td>\n<\/tr>\n<tr>\n<td style='text-align:left; border: 1px solid #696969;'>Packaging: ancho (cm) <\/td>\n<td style='text-align:left; border: 1px solid #696969;'>85<\/td>\n<\/tr>\n<tr>\n<td style='text-align:left; border: 1px solid #696969;'>Peso caja (Kgr)<\/td>\n<td style='text-align:left; border: 1px solid #696969;'>13<\/td>\n<\/tr>\n<tr>\n<td style='text-align:left; border: 1px solid #696969;'>Unidades\/caja<\/td>\n<td style='text-align:left; border: 1px solid #696969;'>300<\/td>\n<\/tr>\n<tr>\n<td style='text-align:left; border: 1px solid #696969;'>Cat\u00e1logo<\/td>\n<td style='text-align:left; border: 1px solid #696969;'>Stock internacional<\/td>\n<\/tr>\n<\/table>\n<p>&nbsp;<\/p>\n<table cellspacing='0' cellpadding='0' style='border:none' width=500px>\n<tr>\n<th style='text-align:center; background-color:#696969; border: 1px solid #696969; color:#fff;'>MARCAJE<\/th>\n<\/tr>\n<tr>\n<td><a href='https:\/\/imgresources.makito.es\/media\/img_web\/1000\/1245\/areas\/1245-A1.jpg'>TAMPOGRAF\u00cdA B: AREA 1.max: 6&#215;0.6 cm<\/a><\/td>\n<\/tr>\n<tr>\n<td><a href='https:\/\/imgresources.makito.es\/media\/img_web\/1000\/1245\/areas\/1245-A2.jpg'>TAMPOGRAF\u00cdA B: AREA 2.max: 6&#215;0.6 cm<\/a><\/td>\n<\/tr>\n<tr>\n<td><a href='https:\/\/imgresources.makito.es\/media\/img_web\/1000\/1245\/areas\/1245-A3.jpg'>TAMPOGRAF\u00cdA B: AREA 3.max: 6&#215;0.6 cm<\/a><\/td>\n<\/tr>\n<tr>\n<td><a href='https:\/\/imgresources.makito.es\/media\/img_web\/1000\/1245\/areas\/1245-A4.jpg'>TAMPOGRAF\u00cdA B: AREA 4.max: 4&#215;0.6 cm<\/a><\/td>\n<\/tr>\n<tr>\n<td><a href='https:\/\/imgresources.makito.es\/media\/img_web\/1000\/1245\/areas\/1245-A6.jpg'>TAMPOGRAF\u00cdA B: AREA 6.max: 6&#215;0.6 cm<\/a><\/td>\n<\/tr>\n<tr>\n<td><a href='https:\/\/imgresources.makito.es\/media\/img_web\/1000\/1245\/areas\/1245-A7.jpg'>TAMPOGRAF\u00cdA B: AREA 7.max: 6&#215;0.6 cm<\/a><\/td>\n<\/tr>\n<tr>\n<td><a href='https:\/\/imgresources.makito.es\/media\/img_web\/1000\/1245\/areas\/1245-A8.jpg'>TAMPOGRAF\u00cdA B: AREA 8.max: 6&#215;0.6 cm<\/a><\/td>\n<\/tr>\n<tr>\n<td><a href='https:\/\/imgresources.makito.es\/media\/img_web\/1000\/1245\/areas\/1245-A9.jpg'>TAMPOGRAF\u00cdA B: AREA 9.max: 4&#215;0.6 cm<\/a><\/td>\n<\/tr>\n<tr>\n<td><a href='https:\/\/imgresources.makito.es\/media\/img_web\/1000\/1245\/areas\/1245-A5.jpg'>GRABACI\u00d3N LASER 1: AREA 5.max: 3.5&#215;0.5 cm<\/a><\/td>\n<\/tr>\n<tr>\n<td><a href='https:\/\/imgresources.makito.es\/media\/img_web\/1000\/1245\/areas\/1245-A10.jpg'>GRABACI\u00d3N LASER 1: AREA 10.max: 3.5&#215;0.5 cm<\/a><\/td>\n<\/tr>\n<tr>\n<td><a href='https:\/\/imgresources.makito.es\/media\/img_web\/1000\/1245\/areas\/1245-A11.jpg'>TAMPOGRAF\u00cdA D: AREA 11.max: 5&#215;1.5 cm<\/a><\/td>\n<\/tr>\n<\/table>\n","protected":false},"excerpt":{"rendered":"<p>Set de bol\u00edgrafo y portaminas de l\u00ednea nature. Fabricado en combinaci\u00f3n de ca\u00f1a de trigo con clip en bamb\u00fa, para as\u00ed fomentar la utilizaci\u00f3n de materias primas naturales y reducir las emisiones contaminantes. Clip con amplia zona de marcaje. Bol\u00edgrafo en tinta azul y portaminas con 2 minas incluidas de 0,5mm. Presentado en estuche individual de cart\u00f3n reciclado.Distintivo Wheat Straw en la parte superior del bol\u00edgrafo y portaminas. Bol\u00edgrafo. Portaminas: Minas 0,5 mm Incluidas<\/p>\n","protected":false},"featured_media":1211,"comment_status":"closed","ping_status":"open","template":"","meta":[],"product_brand":[],"product_cat":[57,26],"product_tag":[],"class_list":{"0":"post-1210","1":"product","2":"type-product","3":"status-publish","4":"has-post-thumbnail","6":"product_cat-escritura","7":"product_cat-linea-ecologica","9":"first","10":"instock","11":"product-type-simple"},"_links":{"self":[{"href":"https:\/\/kifinternacional.cl\/index.php\/wp-json\/wp\/v2\/product\/1210","targetHints":{"allow":["GET"]}}],"collection":[{"href":"https:\/\/kifinternacional.cl\/index.php\/wp-json\/wp\/v2\/product"}],"about":[{"href":"https:\/\/kifinternacional.cl\/index.php\/wp-json\/wp\/v2\/types\/product"}],"replies":[{"embeddable":true,"href":"https:\/\/kifinternacional.cl\/index.php\/wp-json\/wp\/v2\/comments?post=1210"}],"wp:featuredmedia":[{"embeddable":true,"href":"https:\/\/kifinternacional.cl\/index.php\/wp-json\/wp\/v2\/media\/1211"}],"wp:attachment":[{"href":"https:\/\/kifinternacional.cl\/index.php\/wp-json\/wp\/v2\/media?parent=1210"}],"wp:term":[{"taxonomy":"product_brand","embeddable":true,"href":"https:\/\/kifinternacional.cl\/index.php\/wp-json\/wp\/v2\/product_brand?post=1210"},{"taxonomy":"product_cat","embeddable":true,"href":"https:\/\/kifinternacional.cl\/index.php\/wp-json\/wp\/v2\/product_cat?post=1210"},{"taxonomy":"product_tag","embeddable":true,"href":"https:\/\/kifinternacional.cl\/index.php\/wp-json\/wp\/v2\/product_tag?post=1210"}],"curies":[{"name":"wp","href":"https:\/\/api.w.org\/{rel}","templated":true}]}}