{"id":10932,"date":"2026-03-10T05:23:27","date_gmt":"2026-03-10T05:23:27","guid":{"rendered":"https:\/\/kifinternacional.cl\/index.php\/producto\/gorra-pamper\/"},"modified":"2026-03-10T05:23:32","modified_gmt":"2026-03-10T05:23:32","slug":"gorra-pamper","status":"publish","type":"product","link":"https:\/\/kifinternacional.cl\/index.php\/producto\/gorra-pamper\/","title":{"rendered":"Gorra Pamper"},"content":{"rendered":"<table cellspacing='0' cellpadding='0' style='border:none' width=500px>\n<tr>\n<th style='text-align:left; background-color:#696969; border: 1px solid #696969; color:#fff;' colspan='2'>CARACTER\u00cdSTICAS<\/th>\n<\/tr>\n<tr>\n<td style='text-align:left; border: 1px solid #696969;'>Composici\u00f3n<\/td>\n<td style='text-align:left; border: 1px solid #696969;'>Poli\u00e9ster RPET<\/td>\n<\/tr>\n<tr>\n<td style='text-align:left; border: 1px solid #696969;'>Especificaciones art\u00edculo<\/td>\n<td style='text-align:left; border: 1px solid #696969;'> cm \/  cm \/  cm | 50 gr<\/td>\n<\/tr>\n<tr>\n<td style='text-align:left; border: 1px solid #696969;'>Packaging: alto (cm)<\/td>\n<td style='text-align:left; border: 1px solid #696969;'>45<\/td>\n<\/tr>\n<tr>\n<td style='text-align:left; border: 1px solid #696969;'>Packaging: largo (cm) <\/td>\n<td style='text-align:left; border: 1px solid #696969;'>79<\/td>\n<\/tr>\n<tr>\n<td style='text-align:left; border: 1px solid #696969;'>Packaging: ancho (cm) <\/td>\n<td style='text-align:left; border: 1px solid #696969;'>37<\/td>\n<\/tr>\n<tr>\n<td style='text-align:left; border: 1px solid #696969;'>Peso caja (Kgr)<\/td>\n<td style='text-align:left; border: 1px solid #696969;'>12.5<\/td>\n<\/tr>\n<tr>\n<td style='text-align:left; border: 1px solid #696969;'>Unidades\/caja<\/td>\n<td style='text-align:left; border: 1px solid #696969;'>200<\/td>\n<\/tr>\n<tr>\n<td style='text-align:left; border: 1px solid #696969;'>Cat\u00e1logo<\/td>\n<td style='text-align:left; border: 1px solid #696969;'>Stock internacional<\/td>\n<\/tr>\n<\/table>\n<p>&nbsp;<\/p>\n<table cellspacing='0' cellpadding='0' style='border:none' width=500px>\n<tr>\n<th style='text-align:center; background-color:#696969; border: 1px solid #696969; color:#fff;'>MARCAJE<\/th>\n<\/tr>\n<tr>\n<td><a href='https:\/\/imgresources.makito.es\/media\/img_web\/20000\/20825\/areas\/20825-A1.jpg'>SERIGRAF\u00cdA F: AREA 1.max: 8&#215;5 cm<\/a><\/td>\n<\/tr>\n<tr>\n<td><a href='https:\/\/imgresources.makito.es\/media\/img_web\/20000\/20825\/areas\/20825-A2.jpg'>GRABACI\u00d3N BORDADO P: AREA 2.max: 9&#215;5 cm<\/a><\/td>\n<\/tr>\n<tr>\n<td><a href='https:\/\/imgresources.makito.es\/media\/img_web\/20000\/20825\/areas\/20825-A2.jpg'>GRABACI\u00d3N TRANSFER SERIGR\u00c1FICO: AREA 2.max: 9&#215;5 cm<\/a><\/td>\n<\/tr>\n<tr>\n<td><a href='https:\/\/imgresources.makito.es\/media\/img_web\/20000\/20825\/areas\/20825-A2.jpg'>GRABACI\u00d3N TRANSFER DIGITAL: AREA 2.max: 9&#215;5 cm<\/a><\/td>\n<\/tr>\n<\/table>\n","protected":false},"excerpt":{"rendered":"<p>Gorra de 5 paneles en poli\u00e9ster RPET con rejilla y cierre ajustable de pl\u00e1stico con dise\u00f1o de camuflaje o verde militar. Etiqueta distintiva de RPET.  El material RPET se elabora a partir de pl\u00e1stico reciclado, para as\u00ed fomentar la reutilizaci\u00f3n de residuos pl\u00e1sticos y ayudar a la sostenibilidad del planeta. 5 Paneles. Cierre Pl\u00e1stico<\/p>\n","protected":false},"featured_media":10933,"comment_status":"closed","ping_status":"open","template":"","meta":[],"product_brand":[],"product_cat":[39],"product_tag":[],"class_list":{"0":"post-10932","1":"product","2":"type-product","3":"status-publish","4":"has-post-thumbnail","6":"product_cat-sombreros-y-gorras","8":"first","9":"instock","10":"product-type-simple"},"_links":{"self":[{"href":"https:\/\/kifinternacional.cl\/index.php\/wp-json\/wp\/v2\/product\/10932","targetHints":{"allow":["GET"]}}],"collection":[{"href":"https:\/\/kifinternacional.cl\/index.php\/wp-json\/wp\/v2\/product"}],"about":[{"href":"https:\/\/kifinternacional.cl\/index.php\/wp-json\/wp\/v2\/types\/product"}],"replies":[{"embeddable":true,"href":"https:\/\/kifinternacional.cl\/index.php\/wp-json\/wp\/v2\/comments?post=10932"}],"wp:featuredmedia":[{"embeddable":true,"href":"https:\/\/kifinternacional.cl\/index.php\/wp-json\/wp\/v2\/media\/10933"}],"wp:attachment":[{"href":"https:\/\/kifinternacional.cl\/index.php\/wp-json\/wp\/v2\/media?parent=10932"}],"wp:term":[{"taxonomy":"product_brand","embeddable":true,"href":"https:\/\/kifinternacional.cl\/index.php\/wp-json\/wp\/v2\/product_brand?post=10932"},{"taxonomy":"product_cat","embeddable":true,"href":"https:\/\/kifinternacional.cl\/index.php\/wp-json\/wp\/v2\/product_cat?post=10932"},{"taxonomy":"product_tag","embeddable":true,"href":"https:\/\/kifinternacional.cl\/index.php\/wp-json\/wp\/v2\/product_tag?post=10932"}],"curies":[{"name":"wp","href":"https:\/\/api.w.org\/{rel}","templated":true}]}}

<table cellspacing='0' cellpadding='0' style='border:none' width=500px>
<tr>
<th style='text-align:left; background-color:#696969; border: 1px solid #696969; color:#fff;' colspan='2'>CARACTERÍSTICAS</th>
</tr>
<tr>
<td style='text-align:left; border: 1px solid #696969;'>Composición</td>
<td style='text-align:left; border: 1px solid #696969;'>Poliéster RPET</td>
</tr>
<tr>
<td style='text-align:left; border: 1px solid #696969;'>Especificaciones artículo</td>
<td style='text-align:left; border: 1px solid #696969;'> cm /  cm /  cm | 50 gr</td>
</tr>
<tr>
<td style='text-align:left; border: 1px solid #696969;'>Packaging: alto (cm)</td>
<td style='text-align:left; border: 1px solid #696969;'>45</td>
</tr>
<tr>
<td style='text-align:left; border: 1px solid #696969;'>Packaging: largo (cm) </td>
<td style='text-align:left; border: 1px solid #696969;'>79</td>
</tr>
<tr>
<td style='text-align:left; border: 1px solid #696969;'>Packaging: ancho (cm) </td>
<td style='text-align:left; border: 1px solid #696969;'>37</td>
</tr>
<tr>
<td style='text-align:left; border: 1px solid #696969;'>Peso caja (Kgr)</td>
<td style='text-align:left; border: 1px solid #696969;'>12.5</td>
</tr>
<tr>
<td style='text-align:left; border: 1px solid #696969;'>Unidades/caja</td>
<td style='text-align:left; border: 1px solid #696969;'>200</td>
</tr>
<tr>
<td style='text-align:left; border: 1px solid #696969;'>Catálogo</td>
<td style='text-align:left; border: 1px solid #696969;'>Stock internacional</td>
</tr>
</table>
<p>&nbsp;</p>
<table cellspacing='0' cellpadding='0' style='border:none' width=500px>
<tr>
<th style='text-align:center; background-color:#696969; border: 1px solid #696969; color:#fff;'>MARCAJE</th>
</tr>
<tr>
<td><a href='https://imgresources.makito.es/media/img_web/20000/20825/areas/20825-A1.jpg'>SERIGRAFÍA F: AREA 1.max: 8&#215;5 cm</a></td>
</tr>
<tr>
<td><a href='https://imgresources.makito.es/media/img_web/20000/20825/areas/20825-A2.jpg'>GRABACIÓN BORDADO P: AREA 2.max: 9&#215;5 cm</a></td>
</tr>
<tr>
<td><a href='https://imgresources.makito.es/media/img_web/20000/20825/areas/20825-A2.jpg'>GRABACIÓN TRANSFER SERIGRÁFICO: AREA 2.max: 9&#215;5 cm</a></td>
</tr>
<tr>
<td><a href='https://imgresources.makito.es/media/img_web/20000/20825/areas/20825-A2.jpg'>GRABACIÓN TRANSFER DIGITAL: AREA 2.max: 9&#215;5 cm</a></td>
</tr>
</table>

<p>Gorra de 5 paneles en poliéster RPET con rejilla y cierre ajustable de plástico con diseño de camuflaje o verde militar. Etiqueta distintiva de RPET.  El material RPET se elabora a partir de plástico reciclado, para así fomentar la reutilización de residuos plásticos y ayudar a la sostenibilidad del planeta. 5 Paneles. Cierre Plástico</p>
